+ 6*d, -d = k*c - 10. Suppose -5*b = 3*i + 2*i - 255, -3*b = -c*i - 121. What is the tens digit of b?
4
Let j = -648 - -1012. Let d = -244 + j. What is the units digit of d?
0
Suppose -n - 4*z + 16 = -z, -4*n - 4*z + 56 = 0. Let g = -23 + n. What is the units digit of (-22)/(5/(g/4))?
1
Let m = -1406 + 2472. What is the tens digit of m?
6
Let w = 202 + -88. Suppose 0*b - b = 2*l - 118, -w = -2*l + b. What is the tens digit of l?
5
Let k = -85 - -104. Let n = 8 - 5. Suppose 3*z = 0, u - 2*u + k = -n*z. What is the tens digit of u?
1
Suppose -4*k + 39 = 9*f - 4*f, 0 = -f - 5. Let q = 69 - 47. Let t = q + k. What is the tens digit of t?
3
Let g(r) = 63*r**2 - 16*r - 152. What is the hundreds digit of g(-8)?
0
Let v = -6 + -15. Let x = -13 - v. What is the units digit of (x/(-12))/(2/(-9))?
3
Let a(g) = -5 - g + 7 + 2*g. Let o be a(4). Suppose 65 = -p + o*p. What is the tens digit of p?
1
Let t = 3 + -7. Let b = t + -1. What is the tens digit of b*(-6)/15 - -38?
4
Let n(r) = -r + 14. Let v = 52 - 31. Let l = -13 + v. What is the units digit of n(l)?
6
Let k be (-1287)/(-72) - (-2)/16. Let n be 63/(-2)*(-48)/k. Suppose 2*v - 2*l - n = 0, -7 = 3*l + 5. What is the tens digit of v?
3
Let g(h) = 2*h**2 - 19*h + 4. Let f be g(8). Let q = 161 + f. What is the tens digit of q?
4
Suppose -18*h = -14*h. Suppose n + 8 = -2*i, h - 2 = 2*n - 3*i. Let u(o) = o**2 - 4*o - 2. What is the units digit of u(n)?
0
Let t be (-16)/72 - 426/27. Let m = t + 28. What is the tens digit of m?
1
Let j be (-2)/(-12)*-3*2720. Let h be (-3)/7 + j/(-70). Let p(l) = -l**3 + 18*l**2 + 22*l + 1. What is the units digit of p(h)?
8
Let t(p) = 5*p**3 + 2*p**2 - p - 3. What is the units digit of t(2)?
3
Let h = -273 - -2615. What is the hundreds digit of h?
3
Suppose 3 = 2*v + v. Let r be 5/5 + v*86. Suppose 0*j - r = -3*j. What is the units digit of j?
9
Suppose 12*k - 6*k = 2484. What is the tens digit of k?
1
Suppose 11*f + 5315 = 5*q + 7*f, 2*f = -3*q + 3167. What is the tens digit of q?
5
Let b = -1538 + 3346. What is the tens digit of b?
0
Let q(l) = -20*l + 16*l + 13*l. Suppose 0 = -r + 6*r - 10. What is the tens digit of q(r)?
1
Suppose 5*a = 93 - 118. Let v(l) = 8*l**2 - 4*l + 8. What is the hundreds digit of v(a)?
2
Let t = -1981 - -2972. What is the tens digit of t?
9
Let v(p) = -2*p + 21. Let s(f) = 7*f + 14. Let j be s(-4). What is the tens digit of v(j)?
4
Suppose 199 = b + 3*d - 874, -2*d - 5314 = -5*b. What is the hundreds digit of b?
0
Let w = -27 + 30. What is the tens digit of 17/(w + -3 + 1)?
1
Let w = -39 + 45. Let v = w - -15. What is the tens digit of v?
2
Let f(b) = -b - 1. Let h be f(-5). Suppose -h*z + 98 = -94. What is the tens digit of z?
4
Let w = -110 - -816. What is the units digit of w?
6
Let h(z) = -z**3 - 11*z**2 - 2*z - 4. Let m be 74/(-7) + 6/(-14). What is the tens digit of h(m)?
1
What is the units digit of (1 - 775)*(2 - 40/16)?
7
Let r(y) = -y**3 - 5*y**2 + 7*y - 6. Suppose 2*j - 6*j = -48. Suppose 0 = -3*p - 3*d - j, 4*p - 2*d + 30 + 4 = 0. What is the units digit of r(p)?
3
Let t(f) = 14*f - 6 - 3 + 5 - 9. What is the tens digit of t(3)?
2
Let h = -348 + 3426. What is the units digit of h?
8
What is the tens digit of 102/(-1275) + (-86377)/(-25)?
5
Suppose -49*n + 24 = -50*n. Let d = 224 + n. What is the tens digit of d?
0
Suppose f + 4*v - 1410 = 699, v = -5*f + 10545. What is the tens digit of f?
0
Suppose -k + 4 = -3*k, -3*k + 12 = -2*m. Let q be 2/(-2)*(3 + m). What is the units digit of q/15*(49 + 1)?
0
Suppose 210 = -4*y + 3*k + 9211, y - 2274 = -4*k. What is the units digit of y?
4
Suppose -11484 = -4*x + 4*i, 4*i + 0 + 16 = 0. What is the tens digit of x?
6
Let l(g) = -g**3 + 5*g**2 + 17*g - 16. Let h be l(7). Suppose 0*z = h*z - 180. What is the tens digit of z?
3
Let b = 35 - 27. Let q = b - 0. What is the units digit of q?
8
Let t(v) = -4*v - 17. Let o(y) = -y. Let r(s) = o(s) - t(s). What is the units digit of r(8)?
1
Let m(d) = d**3 + 8*d**2 + 6*d - 11. Let o be 4 - 10 - -2 - 3. Let j be m(o). What is the tens digit of (j - (-32)/4) + 26?
3
Let u = 144 + 35. What is the units digit of u?
9
Let z = -75 - -77. Suppose -4*i - 3*t = -955, -3*t = z*i + t - 480. What is the hundreds digit of i?
2
What is the hundreds digit of 118000/112 - (-3)/7?
0
Let g(t) = -5*t + 36. Let r be ((-42)/15)/(8/(-20)). What is the units digit of g(r)?
1
Let h = -5 + 6. What is the units digit of ((-13)/2)/(h/(-6)*3)?
3
Let u be 8/(-14) + (-24225)/175. Let f = u - -342. What is the hundreds digit of f?
2
Let g(j) = 3*j - 17. Let n be g(8). Suppose r - t = 48, -8 = 3*t + n. What is the units digit of r?
3
Suppose 2*w + 3*h - 298 = 0, -3*w + 584 = w + 3*h. What is the tens digit of w?
4
What is the tens digit of (2*-6)/((-6)/46)?
9
Let a(o) = -o**2 - 6*o - 4. Let s be a(-5). Let r(t) be the first derivative of 4*t**3 + t**2/2 + t + 4. What is the units digit of r(s)?
4
Let j = -583 - -859. Let b = j - 115. What is the hundreds digit of b?
1
What is the hundreds digit of (-11 + 7889/28)/(6/40)?
8
Let k be (-25)/2*2 - 4. Let d = -14 - k. What is the tens digit of d?
1
What is the thousands digit of 1/(-7 - 21896/18767*-6)?
2
Suppose 3*b - 2010 = -3*m, 3*b + 5*m = 430 + 1590. What is the hundreds digit of b?
6
Let p be 20/(-2)*5/(-10). Suppose 39 = p*c - 6. What is the units digit of (-1)/(-2 + c/6)?
2
Let d be (-972)/(-48) - 1/4. Suppose 0 = 6*g - 422 + d. What is the tens digit of g?
6
Suppose -7*m = -1807 - 608. What is the tens digit of m?
4
Let d = 376 - 373. Let j(z) = -16*z**3 - z**2 - 6*z + 10. Let s(q) = -3*q**3 - q + 2. Let l(g) = 2*j(g) - 11*s(g). What is the units digit of l(d)?
4
Suppose -5*m = -16*m + 9119. What is the units digit of m?
9
Suppose 2*w = -4*k + 2, w = -5*k - 2*w. Suppose -o + 119 = j + k*o, -5*j + 547 = 4*o. What is the units digit of j?
7
What is the units digit of (12/(-20))/(5 + 8932/(-1785))?
3
Let p(h) = 86*h**2 + 41*h + 7. What is the hundreds digit of p(8)?
8
Let y = 33 - 36. What is the tens digit of 1*(y - -7) + 30?
3
Let g = -24 - -26. Let t(n) = 10*n**3 - 2*n**2 - 2*n + 2. What is the tens digit of t(g)?
7
Let l = 29 - 9. Let j = 25 + l. What is the units digit of j?
5
Let u(j) = 203*j**2 + 15*j - 5. What is the units digit of u(2)?
7
Suppose -t + r = -0*r - 3568, -4*r - 10708 = -3*t. What is the tens digit of t?
6
Suppose 2*c + 0*c = 64. Let u = 55 + c. What is the tens digit of u?
8
Let r(g) = -64*g**2 - 5*g + 9. Let a(z) = -32*z**2 - 3*z + 5. Let s(p) = -11*a(p) + 6*r(p). Let c be s(2). What is the tens digit of ((-6)/(-6))/((-3)/c)?
4
Let j(r) = 2*r**2 - 12*r + 11. Let f be j(5). Let a be f*669*(-6)/(-18). Suppose 7*n - 3*m = 2*n + a, 0 = 3*n - 4*m - 136. What is the units digit of n?
4
Suppose -i - 3*n = -2633, -i = -3*n - 1284 - 1373. What is the hundreds digit of i?
6
Let a(b) = 149*b - 8. What is the thousands digit of a(12)?
1
What is the units digit of ((-18927)/15)/(36/(-60))?
3
Let m(c) = -6*c + 3 + 16*c**2 - 9*c**2 - 16*c**2 + 4*c - c**3. Let k be (6/4)/((-1)/6). What is the units digit of m(k)?
1
Suppose -18 = -5*o + 3*o. Suppose -o = -4*m + m. What is the units digit of m?
3
Suppose 0 = 3*j - 8*j + 740. Suppose 4*y - 124 = j. What is the tens digit of y?
6
What is the thousands digit of (-16563)/(-15) - (-4)/(-3 + -17)?
1
Let g be (-404)/(-10) - (-27)/45. Let y = g + -21. What is the tens digit of ((-2)/4)/(y/(-2440))?
6
Let k = 9 + -5. Let l = 330 - 326. Suppose -k = -l*z + 12. What is the units digit of z?
4
What is the hundreds digit of 5 + -8 + 275 + -2?
2
Let g(h) = h + 18. Let y be g(-10). Let x(p) = -9*p + 1. Let i(r) = -5*r + 1. Let b(c) = -11*i(c) + 6*x(c). What is the units digit of b(y)?
3
Suppose p = -4*v + 303 + 157, -v - 3*p + 115 = 0. Let h be (-1 - 3)/(2/(-31)). Let u = v - h. What is the tens digit of u?
5
Let h = 10 + -7. Let u be 7/h*(-222)/(-2). What is the units digit of 6/27 - u/(-9)?
9
Suppose 14*b - b - 39 = 0. Suppose 13 = -b*s + 49. What is the units digit of s?
2
Let m(u) = 159*u**3 + u**2 - u. Let h(r) = -r**2 - 7*r - 5. Let t be h(-6). Let c be m(t). Suppose 0 = -5*a + 196 + c. What is the units digit of a?
1
Suppose -6*m + 11651 = -3271. What is the thousands digit of m?
2
What is the thousands digit of 45243/24 - (-9 + 219/24)?
1
Suppose 4*k - 15 = -k - 5*i, k + 12 = 4*i.